60767
List the prime factors of 745362506.
2, 7, 53240179
What are the prime factors of 23524939?
31, 41, 83, 223
List the prime factors of 808650713.
13, 17, 113, 32381
What are the prime factors of 3781297519?
3781297519
List the prime factors of 119469213.
3, 13274357
List the prime factors of 401243425.
5, 11, 19, 41, 1873
What are the prime factors of 78175623?
3, 293, 88937
What are the prime factors of 584432158?
2, 113, 2585983
List the prime factors of 1742589693.
3, 13, 19, 29033
List the prime factors of 2831874512.
2, 179, 988783
What are the prime factors of 47760452?
2, 19, 628427
What are the prime factors of 1080222029?
19, 2411, 23581
What are the prime factors of 1299399148?
2, 17, 19108811
What are the prime factors of 2528347?
41, 61667
What are the prime factors of 4443499?
113, 39323
What are the prime factors of 13097904?
2, 3, 131, 2083
List the prime factors of 85766050.
2, 5, 29, 59149
What are the prime factors of 90679773?
3, 5347, 5653
What are the prime factors of 4409941741?
421, 1559, 6719
List the prime factors of 91948169.
91948169
What are the prime factors of 65279830?
2, 5, 7, 11, 17, 4987
What are the prime factors of 22688336?
2, 11, 17, 7583
List the prime factors of 78208923.
3, 13, 743, 2699
What are the prime factors of 4066467170?
2, 5, 461, 509, 1733
What are the prime factors of 41409909?
3, 17, 270653
List the prime factors of 2475994489.
5519, 448631
List the prime factors of 277635520.
2, 5, 43, 20177
What are the prime factors of 563945371?
11, 79, 113, 5743
List the prime factors of 2008012145.
5, 401602429
List the prime factors of 618515936.
2, 53, 364691
What are the prime factors of 8483117508?
2, 3, 23, 10245311
List the prime factors of 824285853.
3, 41, 1289, 1733
List the prime factors of 5127344778.
2, 3, 67, 190367
List the prime factors of 463103855.
5, 211, 438961
What are the prime factors of 2568747556?
2, 642186889
List the prime factors of 364185319.
137, 2658287
What are the prime factors of 1042100491?
23, 463, 97859
What are the prime factors of 35931804?
2, 3, 2994317
List the prime factors of 129962316.
2, 3, 11, 984563
List the prime factors of 91197119.
13, 37, 189599
What are the prime factors of 3941857296?
2, 3, 13, 2105693
List the prime factors of 457813047.
3, 163, 936223
What are the prime factors of 27030812?
2, 151, 44753
What are the prime factors of 419926739?
419926739
What are the prime factors of 59488723?
7, 8498389
List the prime factors of 717075444.
2, 3, 151, 395737
What are the prime factors of 99152442?
2, 3, 5508469
What are the prime factors of 114932908?
2, 28733227
List the prime factors of 312586447.
29, 179, 60217
List the prime factors of 30358865.
5, 19, 319567
List the prime factors of 1119470408.
2, 7, 613, 32611
List the prime factors of 935886948.
2, 3, 1907, 40897
What are the prime factors of 51002139?
3, 17000713
List the prime factors of 518576644.
2, 129644161
What are the prime factors of 434458904?
2, 11, 4937033
List the prime factors of 231005280.
2, 3, 5, 11, 67, 653
List the prime factors of 20541982.
2, 10270991
List the prime factors of 155842825.
5, 17, 23, 107, 149
What are the prime factors of 9067150?
2, 5, 41, 4423
What are the prime factors of 90860556?
2, 3, 587, 12899
List the prime factors of 5327591995.
5, 11, 96865309
List the prime factors of 3891842022.
2, 3, 43, 103, 137, 1069
List the prime factors of 171489611.
19, 131, 68899
List the prime factors of 1862307568.
2, 11, 17, 103, 6043
List the prime factors of 80047436.
2, 7, 419, 6823
What are the prime factors of 5187819898?
2, 73, 35533013
List the prime factors of 68185680.
2, 3, 5, 19, 787
What are the prime factors of 220925993?
13001, 16993
What are the prime factors of 204511724?
2, 79, 647189
List the prime factors of 155620461.
3, 23, 41, 55009
What are the prime factors of 399587?
399587
List the prime factors of 2178391668.
2, 3, 1013, 179203
What are the prime factors of 896992088?
2, 23, 401, 12157
List the prime factors of 51580875.
3, 5, 263, 523
What are the prime factors of 1027145364?
2, 3, 7, 12227921
What are the prime factors of 30269043?
3, 7, 480461
What are the prime factors of 193385121?
3, 64461707
What are the prime factors of 1308090348?
2, 3, 127, 223, 1283
List the prime factors of 29902813.
17, 1758989
List the prime factors of 19625508.
2, 3, 7, 47, 1657
List the prime factors of 585023449.
585023449
What are the prime factors of 14088252?
2, 3, 1174021
List the prime factors of 19513500.
2, 3, 5, 13009
List the prime factors of 132432646.
2, 66216323
List the prime factors of 1013237346.
2, 3, 11, 41, 374441
List the prime factors of 88168916.
2, 11, 2003839
What are the prime factors of 33923614?
2, 907, 18701
What are the prime factors of 402896617?
17, 23699801
What are the prime factors of 167704833?
3, 457, 122323
List the prime factors of 43104236.
2, 7, 19, 81023
What are the prime factors of 279901932?
2, 3, 23325161
List the prime factors of 69987849.
3, 19, 101, 12157
What are the prime factors of 43171534?
2, 7, 17, 19, 9547
What are the prime factors of 4928085586?
2, 31991, 77023
What are the prime factors of 45966438?
2, 3, 7, 491, 743
List the prime factors of 1275006414.
2, 3, 11, 823, 23473
What are the prime factors of 37360675?
5, 11, 103, 1319
List the prime factors of 665995409.
13903, 47903
List the prime factors of 285368116.
2, 11, 1471, 4409
List the prime factors of 461467637.
1627, 283631
List the prime factors of 386704010.
2, 5, 7, 11, 61, 8233
What are the prime factors of 1121890227?
3, 373963409
List the prime factors of 14524019.
701, 20719
List the prime factors of 41662664.
2, 53, 97, 1013
What are the prime factors of 422328465?
3, 5, 13, 107, 173
List the prime factors of 53460283.
53460283
List the prime factors of 1860832936.
2, 10141, 22937
List the prime factors of 662017255.
5, 132403451
What are the prime factors of 3863917094?
2, 47, 83, 449, 1103
List the prime factors of 39966108.
2, 3, 7, 13, 36599
What are the prime factors of 35410319?
7, 19, 443, 601
What are the prime factors of 38785423?
38785423
List the prime factors of 1777506168.
2, 3, 74062757
List the prime factors of 5585546419.
349, 16004431
What are the prime factors of 318176577?
3, 35352953
List the prime factors of 75319365.
3, 5, 11, 23, 89, 223
List the prime factors of 103384363.
107, 966209
List the prime factors of 163713247.
17, 103, 93497
What are the prime factors of 78658738?
2, 39329369
List the prime factors of 73404902.
2, 36702451
List the prime factors of 973346146.
2, 83, 5863531
What are the prime factors of 3043495745?
5, 608699149
What are the prime factors of 86825487?
3, 7, 4134547
List the prime factors of 20007357.
3, 6669119
List the prime factors of 450048.
2, 3, 293
What are the prime factors of 75657033?
3, 8406337
List the prime factors of 32738691.
3, 19, 574363
What are the prime factors of 2857619179?
53, 1301, 41443
What are the prime factors of 19832332?
2, 13, 109, 3499
What are the prime factors of 702754237?
71, 433, 22859
What are the prime factors of 100134928?
2, 127, 49279
List the prime factors of 171880835.
5, 7, 673, 7297
List the prime factors of 131563102.
2, 11, 17, 351773
What are the prime factors of 144643136?
2, 11, 23, 8933
List the prime factors of 25942745.
5, 5188549
List the prime factors of 539458807.
17, 31, 61, 97, 173
What are the prime factors of 16609752?
2, 3, 131, 587
What are the prime factors of 26272454?
2, 13, 211, 4789
What are the prime factors of 2351142844?
2, 20063, 29297
What are the prime factors of 1360265644?
2, 163, 769, 2713
List the prime factors of 5893447219.
11, 535767929
List the prime factors of 1067268878.
2, 13, 41048803
What are the prime factors of 675039665?
5, 8951, 15083
What are the prime factors of 8292497316?
2, 3, 113, 6115411
List the prime factors of 4611032432.
2, 197, 1462891
List the prime factors of 94707710.
2, 5, 127, 74573
What are the prime factors of 2746741894?
2, 13, 307, 344117
List the prime factors of 1862378318.
2, 29, 32109971
List the prime factors of 61588460.
2, 5, 29, 106187
List the prime factors of 130377515.
5, 26075503
List the prime factors of 169710473.
17, 73, 136753
What are the prime fac